{"id":147,"date":"2025-04-10T15:39:54","date_gmt":"2025-04-10T13:39:54","guid":{"rendered":"https:\/\/blamark.com\/palauet\/?page_id=147"},"modified":"2025-06-02T17:05:59","modified_gmt":"2025-06-02T15:05:59","slug":"experiencias","status":"publish","type":"page","link":"https:\/\/blamark.com\/palauet\/experiencias\/","title":{"rendered":"Experiencias"},"content":{"rendered":"\n<div class=\"wp-block-cover alignfull arriba\" style=\"min-height:736px;aspect-ratio:unset;\"><span aria-hidden=\"true\" class=\"wp-block-cover__background has-theme-palette-3-background-color has-background-dim-30 has-background-dim\"><\/span><img loading=\"lazy\" decoding=\"async\" width=\"1000\" height=\"1000\" class=\"wp-block-cover__image-background wp-image-142\" alt=\"\" src=\"https:\/\/blamark.com\/palauet\/wp-content\/uploads\/2025\/04\/experiencias-1.jpg\" data-object-fit=\"cover\" srcset=\"https:\/\/blamark.com\/palauet\/wp-content\/uploads\/2025\/04\/experiencias-1.jpg 1000w, https:\/\/blamark.com\/palauet\/wp-content\/uploads\/2025\/04\/experiencias-1-300x300.jpg 300w, https:\/\/blamark.com\/palauet\/wp-content\/uploads\/2025\/04\/experiencias-1-100x100.jpg 100w, https:\/\/blamark.com\/palauet\/wp-content\/uploads\/2025\/04\/experiencias-1-600x600.jpg 600w, https:\/\/blamark.com\/palauet\/wp-content\/uploads\/2025\/04\/experiencias-1-150x150.jpg 150w, https:\/\/blamark.com\/palauet\/wp-content\/uploads\/2025\/04\/experiencias-1-768x768.jpg 768w\" sizes=\"auto, (max-width: 1000px) 100vw, 1000px\" \/><div class=\"wp-block-cover__inner-container is-layout-constrained wp-block-cover-is-layout-constrained\">\n<p class=\"has-text-align-center has-theme-palette-9-color has-text-color has-link-color has-large-font-size wp-elements-b30093f1894530460a6276b1baeafd36\">EXPERIENCIAS<\/p>\n<\/div><\/div>\n\n\n\n<div class=\"wp-block-buttons botones is-content-justification-center is-layout-flex wp-container-core-buttons-is-layout-1 wp-block-buttons-is-layout-flex\">\n<div class=\"wp-block-button has-custom-font-size has-small-font-size\"><a class=\"wp-block-button__link has-theme-palette-3-color has-theme-palette-9-background-color has-text-color has-background has-link-color wp-element-button\" href=\"https:\/\/blamark.com\/palauet\/reservas\/\">HAZ AHORA TU RESERVA<\/a><\/div>\n\n\n\n<div class=\"wp-block-button has-custom-font-size has-small-font-size\"><a class=\"wp-block-button__link wp-element-button\" href=\"https:\/\/blamark.com\/palauet\/reservas\/\">COMPRUEBA DISPONIBILIDAD<\/a><\/div>\n<\/div>\n\n\n\n<div class=\"wp-block-columns are-vertically-aligned-center is-layout-flex wp-container-core-columns-is-layout-1 wp-block-columns-is-layout-flex\" style=\"margin-top:var(--wp--preset--spacing--80);margin-bottom:var(--wp--preset--spacing--80)\">\n<div class=\"wp-block-column is-vertically-aligned-center is-layout-flow wp-block-column-is-layout-flow\" style=\"padding-right:var(--wp--preset--spacing--80);padding-left:var(--wp--preset--spacing--80)\">\n<h2 class=\"wp-block-heading has-xxlarge-font-size\">Paz, confort y armon\u00eda perfecta<\/h2>\n<\/div>\n\n\n\n<div class=\"wp-block-column is-vertically-aligned-center is-layout-flow wp-block-column-is-layout-flow\">\n<p>Todo puede suceder, s\u00f3lo hace falta que lo desees. Anticipate y contacta con nosotros en el momento de realizar la reserva. Organizamos tu estancia en una experiencia para el despertar de los SENTIDOS.<\/p>\n<\/div>\n<\/div>\n\n\n\n<div class=\"wp-block-cover aligncenter has-theme-palette-3-color has-text-color has-link-color wp-elements-265e91b163a5ab1f9189441d4e463ef5\" style=\"padding-top:var(--wp--preset--spacing--80);padding-bottom:var(--wp--preset--spacing--80)\"><span aria-hidden=\"true\" class=\"wp-block-cover__background has-theme-palette-9-background-color has-background-dim-100 has-background-dim\"><\/span><div class=\"wp-block-cover__inner-container is-layout-constrained wp-block-cover-is-layout-constrained\">\n<div class=\"wp-block-columns columnas is-layout-flex wp-container-core-columns-is-layout-2 wp-block-columns-is-layout-flex\">\n<div class=\"wp-block-column is-layout-flow wp-block-column-is-layout-flow\">\n<figure class=\"wp-block-image size-large\"><img loading=\"lazy\" decoding=\"async\" width=\"1024\" height=\"768\" src=\"https:\/\/blamark.com\/palauet\/wp-content\/uploads\/2025\/04\/wine-1024x768.jpg\" alt=\"\" class=\"wp-image-155\" style=\"aspect-ratio:4\/3;object-fit:cover\" srcset=\"https:\/\/blamark.com\/palauet\/wp-content\/uploads\/2025\/04\/wine-1024x768.jpg 1024w, https:\/\/blamark.com\/palauet\/wp-content\/uploads\/2025\/04\/wine-600x450.jpg 600w, https:\/\/blamark.com\/palauet\/wp-content\/uploads\/2025\/04\/wine-300x225.jpg 300w, https:\/\/blamark.com\/palauet\/wp-content\/uploads\/2025\/04\/wine-768x576.jpg 768w, https:\/\/blamark.com\/palauet\/wp-content\/uploads\/2025\/04\/wine.jpg 1440w\" sizes=\"auto, (max-width: 1024px) 100vw, 1024px\" \/><\/figure>\n\n\n\n<h3 class=\"wp-block-heading has-text-align-center\">ENOTURISMO<\/h3>\n\n\n\n<p class=\"has-text-align-center estilo\">Inf\u00f3rmate de las visitas guiadas a Bodegas de este entorno privilegiado como D.O. Montsant-D.O.Q. Priorat y benef\u00edciate de nuestros acuerdos especiales para clientes. Una experiencia para dejar volar tus sentidos y entender las ra\u00edces de nuestros or\u00edgenes vitivin\u00edcolas.<\/p>\n<\/div>\n\n\n\n<div class=\"wp-block-column is-layout-flow wp-block-column-is-layout-flow\">\n<figure class=\"wp-block-image size-full\"><img loading=\"lazy\" decoding=\"async\" width=\"2500\" height=\"1250\" src=\"https:\/\/blamark.com\/palauet\/wp-content\/uploads\/2025\/06\/visites_guiades_a_siurana_.jpg\" alt=\"\" class=\"wp-image-529\" style=\"aspect-ratio:4\/3;object-fit:cover\" srcset=\"https:\/\/blamark.com\/palauet\/wp-content\/uploads\/2025\/06\/visites_guiades_a_siurana_.jpg 2500w, https:\/\/blamark.com\/palauet\/wp-content\/uploads\/2025\/06\/visites_guiades_a_siurana_-300x150.jpg 300w, https:\/\/blamark.com\/palauet\/wp-content\/uploads\/2025\/06\/visites_guiades_a_siurana_-1024x512.jpg 1024w, https:\/\/blamark.com\/palauet\/wp-content\/uploads\/2025\/06\/visites_guiades_a_siurana_-768x384.jpg 768w, https:\/\/blamark.com\/palauet\/wp-content\/uploads\/2025\/06\/visites_guiades_a_siurana_-1536x768.jpg 1536w, https:\/\/blamark.com\/palauet\/wp-content\/uploads\/2025\/06\/visites_guiades_a_siurana_-2048x1024.jpg 2048w, https:\/\/blamark.com\/palauet\/wp-content\/uploads\/2025\/06\/visites_guiades_a_siurana_-600x300.jpg 600w\" sizes=\"auto, (max-width: 2500px) 100vw, 2500px\" \/><\/figure>\n\n\n\n<h3 class=\"wp-block-heading has-text-align-center\">RUTAS 4X4<\/h3>\n\n\n\n<p>Llegamos muy lejos, las mejores rutas todoterreno 4\u00d74 por las monta\u00f1as de Siurana, Prades, Montsant y Priorat.<\/p>\n\n\n\n<p class=\"has-text-align-center estilo\">Naturaleza entre vi\u00f1as, paisajes de ensue\u00f1o, comb\u00ednalo con nuestra cesta picnic y d\u00e9jate llevar por las emociones.<\/p>\n<\/div>\n\n\n\n<div class=\"wp-block-column is-layout-flow wp-block-column-is-layout-flow\">\n<figure class=\"wp-block-image size-full\"><img loading=\"lazy\" decoding=\"async\" width=\"960\" height=\"720\" src=\"https:\/\/blamark.com\/palauet\/wp-content\/uploads\/2025\/04\/bici.jpg\" alt=\"\" class=\"wp-image-153\" style=\"aspect-ratio:4\/3;object-fit:cover\" srcset=\"https:\/\/blamark.com\/palauet\/wp-content\/uploads\/2025\/04\/bici.jpg 960w, https:\/\/blamark.com\/palauet\/wp-content\/uploads\/2025\/04\/bici-600x450.jpg 600w, https:\/\/blamark.com\/palauet\/wp-content\/uploads\/2025\/04\/bici-300x225.jpg 300w, https:\/\/blamark.com\/palauet\/wp-content\/uploads\/2025\/04\/bici-768x576.jpg 768w\" sizes=\"auto, (max-width: 960px) 100vw, 960px\" \/><\/figure>\n\n\n\n<h3 class=\"wp-block-heading has-text-align-center\">SOBRE RUEDAS<\/h3>\n\n\n\n<p>Descubre la riqueza del entorno pedaleando por parajes de ensue\u00f1o, nosotros te ofrecemos rutas. Necesitas equipamiento? Te alquilamos todo el equipo e incluso el gu\u00eda.<\/p>\n\n\n\n<p class=\"has-text-align-center estilo\">Comb\u00ednalo con nuestra cesta picnic de los sabores de la Tierra.<\/p>\n<\/div>\n<\/div>\n\n\n\n<div class=\"wp-block-columns columnas is-layout-flex wp-container-core-columns-is-layout-3 wp-block-columns-is-layout-flex\">\n<div class=\"wp-block-column is-layout-flow wp-block-column-is-layout-flow\">\n<figure class=\"wp-block-image size-full\"><img loading=\"lazy\" decoding=\"async\" width=\"1024\" height=\"768\" src=\"https:\/\/blamark.com\/palauet\/wp-content\/uploads\/2025\/04\/descubreix.jpg\" alt=\"\" class=\"wp-image-152\" srcset=\"https:\/\/blamark.com\/palauet\/wp-content\/uploads\/2025\/04\/descubreix.jpg 1024w, https:\/\/blamark.com\/palauet\/wp-content\/uploads\/2025\/04\/descubreix-600x450.jpg 600w, https:\/\/blamark.com\/palauet\/wp-content\/uploads\/2025\/04\/descubreix-300x225.jpg 300w, https:\/\/blamark.com\/palauet\/wp-content\/uploads\/2025\/04\/descubreix-768x576.jpg 768w\" sizes=\"auto, (max-width: 1024px) 100vw, 1024px\" \/><\/figure>\n\n\n\n<h3 class=\"wp-block-heading has-text-align-center\">EL PRIORAT A PIE<\/h3>\n\n\n\n<p>Para los amantes de la naturaleza, qu\u00e9 mejor manera que descubrir a pie, lugares m\u00e1gicos, espectaculares senderos, rutas y cuevas del Montsant, Sierras de Prades y del Priorat.<\/p>\n\n\n\n<p class=\"has-text-align-center estilo\">Creamos para ti la ruta ideal. No te olvides de llevarte nuestra cesta picnic para disfrutar de los sabores de la tierra sin limitaciones.<\/p>\n<\/div>\n\n\n\n<div class=\"wp-block-column is-layout-flow wp-block-column-is-layout-flow\">\n<figure class=\"wp-block-image size-large\"><img loading=\"lazy\" decoding=\"async\" width=\"1024\" height=\"768\" src=\"https:\/\/blamark.com\/palauet\/wp-content\/uploads\/2025\/04\/anfiteatro-tarragona-1024x768.jpg\" alt=\"\" class=\"wp-image-151\" srcset=\"https:\/\/blamark.com\/palauet\/wp-content\/uploads\/2025\/04\/anfiteatro-tarragona-1024x768.jpg 1024w, https:\/\/blamark.com\/palauet\/wp-content\/uploads\/2025\/04\/anfiteatro-tarragona-600x450.jpg 600w, https:\/\/blamark.com\/palauet\/wp-content\/uploads\/2025\/04\/anfiteatro-tarragona-300x225.jpg 300w, https:\/\/blamark.com\/palauet\/wp-content\/uploads\/2025\/04\/anfiteatro-tarragona-768x576.jpg 768w, https:\/\/blamark.com\/palauet\/wp-content\/uploads\/2025\/04\/anfiteatro-tarragona.jpg 1440w\" sizes=\"auto, (max-width: 1024px) 100vw, 1024px\" \/><\/figure>\n\n\n\n<h3 class=\"wp-block-heading has-text-align-center\">ENRIQUECIMIENTO CULTURAL<\/h3>\n\n\n\n<p class=\"has-text-align-center estilo has-theme-palette-3-color has-text-color has-link-color wp-elements-4471a0432240bd456faaa71ec1745d35\">\u2013 Visitas teatralitzadas a la \u00faltima fortaleza Sarracena.<br>\u2013 Disfrutar de galer\u00edas subterr\u00e1neas.<br>\u2013 Visitas a la Cartuja de Escaladei, descubre la primera Cartuja de la pen\u00ednsula.<br>\u2013 Ermitas, lugares m\u00edsticos, espacios de silencio y contemplaci\u00f3n.<br>\u2013 Pueblos de encanto: Siurana, Albarca, Prades\u2026<br>\u2013 Pinturas rupestres.<\/p>\n<\/div>\n\n\n\n<div class=\"wp-block-column is-layout-flow wp-block-column-is-layout-flow\">\n<figure class=\"wp-block-image size-full\"><img loading=\"lazy\" decoding=\"async\" width=\"640\" height=\"480\" src=\"https:\/\/blamark.com\/palauet\/wp-content\/uploads\/2025\/04\/kayac.jpg\" alt=\"\" class=\"wp-image-150\" srcset=\"https:\/\/blamark.com\/palauet\/wp-content\/uploads\/2025\/04\/kayac.jpg 640w, https:\/\/blamark.com\/palauet\/wp-content\/uploads\/2025\/04\/kayac-600x450.jpg 600w, https:\/\/blamark.com\/palauet\/wp-content\/uploads\/2025\/04\/kayac-300x225.jpg 300w\" sizes=\"auto, (max-width: 640px) 100vw, 640px\" \/><\/figure>\n\n\n\n<h3 class=\"wp-block-heading has-text-align-center\">KAYAK EN SIURANA<\/h3>\n\n\n\n<p class=\"has-text-align-center estilo\">En pareja o familia descubre los rincones donde te trae el agua del Pantano de Siurana, diversi\u00f3n, adentrada en la armon\u00eda de la naturaleza. Ponte en contacto con nosotros.<\/p>\n<\/div>\n<\/div>\n<\/div><\/div>\n","protected":false},"excerpt":{"rendered":"<p>Paz, confort y armon\u00eda perfecta Todo puede suceder, s\u00f3lo hace falta que lo desees. Anticipate y contacta con nosotros en el momento de realizar la reserva. Organizamos tu estancia en una experiencia para el despertar de los SENTIDOS.<\/p>\n","protected":false},"author":1,"featured_media":0,"parent":0,"menu_order":0,"comment_status":"closed","ping_status":"closed","template":"","meta":{"_kad_post_transparent":"","_kad_post_title":"","_kad_post_layout":"","_kad_post_sidebar_id":"","_kad_post_content_style":"","_kad_post_vertical_padding":"","_kad_post_feature":"","_kad_post_feature_position":"","_kad_post_header":false,"_kad_post_footer":false,"footnotes":""},"class_list":["post-147","page","type-page","status-publish","hentry"],"_links":{"self":[{"href":"https:\/\/blamark.com\/palauet\/wp-json\/wp\/v2\/pages\/147","targetHints":{"allow":["GET"]}}],"collection":[{"href":"https:\/\/blamark.com\/palauet\/wp-json\/wp\/v2\/pages"}],"about":[{"href":"https:\/\/blamark.com\/palauet\/wp-json\/wp\/v2\/types\/page"}],"author":[{"embeddable":true,"href":"https:\/\/blamark.com\/palauet\/wp-json\/wp\/v2\/users\/1"}],"replies":[{"embeddable":true,"href":"https:\/\/blamark.com\/palauet\/wp-json\/wp\/v2\/comments?post=147"}],"version-history":[{"count":5,"href":"https:\/\/blamark.com\/palauet\/wp-json\/wp\/v2\/pages\/147\/revisions"}],"predecessor-version":[{"id":530,"href":"https:\/\/blamark.com\/palauet\/wp-json\/wp\/v2\/pages\/147\/revisions\/530"}],"wp:attachment":[{"href":"https:\/\/blamark.com\/palauet\/wp-json\/wp\/v2\/media?parent=147"}],"curies":[{"name":"wp","href":"https:\/\/api.w.org\/{rel}","templated":true}]}}