{"id":167,"date":"2025-04-10T15:49:41","date_gmt":"2025-04-10T13:49:41","guid":{"rendered":"https:\/\/blamark.com\/palauet\/?page_id=167"},"modified":"2025-04-11T16:13:40","modified_gmt":"2025-04-11T14:13:40","slug":"nosotros","status":"publish","type":"page","link":"https:\/\/blamark.com\/palauet\/nosotros\/","title":{"rendered":"Nosotros"},"content":{"rendered":"\n<div class=\"wp-block-cover alignfull arriba\" style=\"min-height:736px;aspect-ratio:unset;\"><span aria-hidden=\"true\" class=\"wp-block-cover__background has-theme-palette-3-background-color has-background-dim-30 has-background-dim\"><\/span><img loading=\"lazy\" decoding=\"async\" width=\"2500\" height=\"1667\" class=\"wp-block-cover__image-background wp-image-126\" alt=\"\" src=\"https:\/\/blamark.com\/palauet\/wp-content\/uploads\/2025\/04\/3-.jpg\" data-object-fit=\"cover\" srcset=\"https:\/\/blamark.com\/palauet\/wp-content\/uploads\/2025\/04\/3-.jpg 2500w, https:\/\/blamark.com\/palauet\/wp-content\/uploads\/2025\/04\/3--600x400.jpg 600w, https:\/\/blamark.com\/palauet\/wp-content\/uploads\/2025\/04\/3--300x200.jpg 300w, https:\/\/blamark.com\/palauet\/wp-content\/uploads\/2025\/04\/3--1024x683.jpg 1024w, https:\/\/blamark.com\/palauet\/wp-content\/uploads\/2025\/04\/3--768x512.jpg 768w, https:\/\/blamark.com\/palauet\/wp-content\/uploads\/2025\/04\/3--1536x1024.jpg 1536w, https:\/\/blamark.com\/palauet\/wp-content\/uploads\/2025\/04\/3--2048x1366.jpg 2048w\" sizes=\"auto, (max-width: 2500px) 100vw, 2500px\" \/><div class=\"wp-block-cover__inner-container is-layout-constrained wp-block-cover-is-layout-constrained\">\n<p class=\"has-text-align-center has-theme-palette-9-color has-text-color has-link-color has-large-font-size wp-elements-5080bb60e40db6962288cb09952938c3\">NOSOTROS<\/p>\n<\/div><\/div>\n\n\n\n<div class=\"wp-block-buttons botones is-content-justification-center is-layout-flex wp-container-core-buttons-is-layout-1 wp-block-buttons-is-layout-flex\">\n<div class=\"wp-block-button has-custom-font-size has-small-font-size\"><a class=\"wp-block-button__link has-theme-palette-3-color has-theme-palette-9-background-color has-text-color has-background has-link-color wp-element-button\" href=\"https:\/\/blamark.com\/palauet\/reservas\/\">HAZ AHORA TU RESERVA<\/a><\/div>\n\n\n\n<div class=\"wp-block-button has-custom-font-size has-small-font-size\"><a class=\"wp-block-button__link wp-element-button\" href=\"https:\/\/blamark.com\/palauet\/reservas\/\">COMPRUEBA DISPONIBILIDAD<\/a><\/div>\n<\/div>\n\n\n\n<div class=\"wp-block-cover alignfull\"><span aria-hidden=\"true\" class=\"wp-block-cover__background has-theme-palette-9-background-color has-background-dim-100 has-background-dim\"><\/span><div class=\"wp-block-cover__inner-container is-layout-constrained wp-block-cover-is-layout-constrained\">\n<p><\/p>\n\n\n\n<h2 class=\"wp-block-heading has-text-align-center has-theme-palette-2-color has-text-color has-link-color has-large-font-size wp-elements-c9a6dca2edf381b62da1dbdb64e353a7\">Nuestra historia<\/h2>\n\n\n\n<p class=\"has-text-align-center has-theme-palette-2-color has-text-color has-link-color has-medium-font-size wp-elements-9bf5e6c2e4d31d748b5ebc741f39f2d5\">\u201cEl Palauet del Priorat es un oasis para ti, una casa con m\u00e1s de 130 a\u00f1os de esplendor, exclusivos dise\u00f1os de acabados nobles, maderas con exquisitas vetas y extraordinarios toques contempor\u00e1neos son una experiencia totalmente estimulante en una casa asentada sobre un mantel de rocas calizas.\u201d<\/p>\n\n\n<div class=\"wp-block-image\">\n<figure class=\"aligncenter size-full is-resized\"><img loading=\"lazy\" decoding=\"async\" width=\"526\" height=\"42\" src=\"https:\/\/blamark.com\/palauet\/wp-content\/uploads\/2025\/04\/Captura-de-pantalla-2025-04-10-a-las-15.04.58.png\" alt=\"\" class=\"wp-image-68\" style=\"width:258px;height:auto\" srcset=\"https:\/\/blamark.com\/palauet\/wp-content\/uploads\/2025\/04\/Captura-de-pantalla-2025-04-10-a-las-15.04.58.png 526w, https:\/\/blamark.com\/palauet\/wp-content\/uploads\/2025\/04\/Captura-de-pantalla-2025-04-10-a-las-15.04.58-300x24.png 300w\" sizes=\"auto, (max-width: 526px) 100vw, 526px\" \/><\/figure><\/div>\n\n\n<p><\/p>\n\n\n\n<div class=\"wp-block-columns is-layout-flex wp-container-core-columns-is-layout-1 wp-block-columns-is-layout-flex\">\n<div class=\"wp-block-column is-layout-flow wp-block-column-is-layout-flow\" style=\"padding-right:var(--wp--preset--spacing--40);padding-left:var(--wp--preset--spacing--40)\">\n<h2 class=\"wp-block-heading has-theme-palette-3-color has-text-color has-link-color wp-elements-a56abd59882e57214b8f69a6559fb6ea\">La mejor calidad<\/h2>\n\n\n\n<p class=\"has-theme-palette-3-color has-text-color has-link-color wp-elements-ee936ea54790eb03953043c3e2aee0d8\">El Palauet del Priorat es una mezcla de oasis, rinc\u00f3n de tranquilidad, ocio y turismo rural para ti, en una casa con m\u00e1s de tres siglos de esplendor. D\u00f3nde exclusivos dise\u00f1os de acabados nobles, maderas con exquisitas vetas y extraordinarios toques contempor\u00e1neos son una experiencia totalmente estimulante. Paz, confort, comodidades y servicios en armon\u00eda perfecta, en definitiva un equilibrio entre lo moderno y lo cl\u00e1sico.<\/p>\n<\/div>\n\n\n\n<div class=\"wp-block-column is-layout-flow wp-block-column-is-layout-flow\" style=\"padding-right:var(--wp--preset--spacing--40);padding-left:var(--wp--preset--spacing--40)\">\n<h2 class=\"wp-block-heading has-theme-palette-3-color has-text-color has-link-color wp-elements-a7169f1e2ecc32fc3dca775b28203279\">La mejor elecci\u00f3n<\/h2>\n\n\n\n<p class=\"has-theme-palette-3-color has-text-color has-link-color wp-elements-eb24f1564ef91bce8f2428d894fdac06\">7 habitaciones, dos de ellas dobles, cinco suites con ba\u00f1o y 3 zonas se integran para la perfecci\u00f3n de tu placer: hall, sala comedor y club social en el \u00e1tico. En el Palauet del Priorat se han preservado las zonas nobles, se han restaurado las paredes de piedra y suelos de m\u00e1rmol con total confort y calidad, sof\u00e1s Chester, butacas chals eims y el bienestar de chimeneas de m\u00e1rmol dan vida a tu estancia.<\/p>\n\n\n\n<p class=\"has-theme-palette-3-color has-text-color has-link-color wp-elements-8e553486ba2f39f2cd27dbe4994b8a11\">El Palauet del Priorat actualmente est\u00e1 \u00edntegramente restaurado para crear un sue\u00f1o de placer y descanso, respetando la arquitectura cl\u00e1sica y bioconstrucci\u00f3n avalada por la Unesco utilizando los materiales y materias primeras ecol\u00f3gicas como se usaban en anta\u00f1o.<\/p>\n<\/div>\n\n\n\n<div class=\"wp-block-column is-layout-flow wp-block-column-is-layout-flow\" style=\"padding-right:var(--wp--preset--spacing--40);padding-left:var(--wp--preset--spacing--40)\">\n<h2 class=\"wp-block-heading has-theme-palette-3-color has-text-color has-link-color wp-elements-94e444635c77dbaa4118e3f13bc764e4\">El secreto de la exclusividad<\/h2>\n\n\n\n<p class=\"has-theme-palette-3-color has-text-color has-link-color wp-elements-cafa0c694e6d1f2599f20de9a176ef93\">Paz, confort y armon\u00eda perfecta, el Palauet del Priorat, est\u00e1 situado en Cornudella de Montsant, rodeado de entornos y parajes id\u00edlicos en la comarca del Priorat a tan s\u00f3lo 40 km de Tarragona y 1h30 de Barcelona.<\/p>\n<\/div>\n<\/div>\n\n\n<div class=\"wp-block-image\">\n<figure class=\"aligncenter size-full is-resized\"><img loading=\"lazy\" decoding=\"async\" width=\"526\" height=\"42\" src=\"https:\/\/blamark.com\/palauet\/wp-content\/uploads\/2025\/04\/Captura-de-pantalla-2025-04-10-a-las-15.04.58.png\" alt=\"\" class=\"wp-image-68\" style=\"width:258px;height:auto\" srcset=\"https:\/\/blamark.com\/palauet\/wp-content\/uploads\/2025\/04\/Captura-de-pantalla-2025-04-10-a-las-15.04.58.png 526w, https:\/\/blamark.com\/palauet\/wp-content\/uploads\/2025\/04\/Captura-de-pantalla-2025-04-10-a-las-15.04.58-300x24.png 300w\" sizes=\"auto, (max-width: 526px) 100vw, 526px\" \/><\/figure><\/div>\n\n\n<div class=\"wp-block-columns is-layout-flex wp-container-core-columns-is-layout-2 wp-block-columns-is-layout-flex\">\n<div class=\"wp-block-column is-layout-flow wp-block-column-is-layout-flow\" style=\"padding-right:var(--wp--preset--spacing--40);padding-left:var(--wp--preset--spacing--40)\">\n<h3 class=\"wp-block-heading has-theme-palette-3-color has-text-color has-link-color wp-elements-fb6a9e6c7e588cce8eb1c71f01760d27\">SALAS NOBLES Y POLIVALENCIA<\/h3>\n\n\n\n<figure class=\"wp-block-image size-large\"><img loading=\"lazy\" decoding=\"async\" width=\"1024\" height=\"683\" src=\"https:\/\/blamark.com\/palauet\/wp-content\/uploads\/2025\/04\/IMG_8292-1024x683.jpg\" alt=\"\" class=\"wp-image-139\" srcset=\"https:\/\/blamark.com\/palauet\/wp-content\/uploads\/2025\/04\/IMG_8292-1024x683.jpg 1024w, https:\/\/blamark.com\/palauet\/wp-content\/uploads\/2025\/04\/IMG_8292-600x400.jpg 600w, https:\/\/blamark.com\/palauet\/wp-content\/uploads\/2025\/04\/IMG_8292-300x200.jpg 300w, https:\/\/blamark.com\/palauet\/wp-content\/uploads\/2025\/04\/IMG_8292-768x512.jpg 768w, https:\/\/blamark.com\/palauet\/wp-content\/uploads\/2025\/04\/IMG_8292.jpg 1500w\" sizes=\"auto, (max-width: 1024px) 100vw, 1024px\" \/><\/figure>\n\n\n\n<p class=\"has-theme-palette-3-color has-text-color has-link-color wp-elements-8e6fc41c0feef57decb7fcfda57343f7\">En el Palauet del Priorat disponemos de espacios dise\u00f1ados para albergar cualquier tipo de evento o celebraci\u00f3n particular o profesional garantizando el \u00e9xito de los mismos.<\/p>\n\n\n\n<p class=\"has-theme-palette-3-color has-text-color has-link-color wp-elements-79e0ac98e814cfec1eac42d608ce71e4\"><a href=\"mailto:pepe@elpalauetdelpriorat.com\">M\u00e1s informaci\u00f3n y reservas.<\/a><\/p>\n<\/div>\n\n\n\n<div class=\"wp-block-column is-layout-flow wp-block-column-is-layout-flow\" style=\"padding-right:var(--wp--preset--spacing--40);padding-left:var(--wp--preset--spacing--40)\">\n<h3 class=\"wp-block-heading has-theme-palette-3-color has-text-color has-link-color wp-elements-4bdea53be05e92d01963bad1f591f5ce\">LAS 7 HABITACIONES<\/h3>\n\n\n\n<figure class=\"wp-block-image size-large\"><img loading=\"lazy\" decoding=\"async\" width=\"1024\" height=\"682\" src=\"https:\/\/blamark.com\/palauet\/wp-content\/uploads\/2025\/04\/SERVICIO-1024x682.jpg\" alt=\"\" class=\"wp-image-137\" srcset=\"https:\/\/blamark.com\/palauet\/wp-content\/uploads\/2025\/04\/SERVICIO-1024x682.jpg 1024w, https:\/\/blamark.com\/palauet\/wp-content\/uploads\/2025\/04\/SERVICIO-600x400.jpg 600w, https:\/\/blamark.com\/palauet\/wp-content\/uploads\/2025\/04\/SERVICIO-300x200.jpg 300w, https:\/\/blamark.com\/palauet\/wp-content\/uploads\/2025\/04\/SERVICIO-768x512.jpg 768w, https:\/\/blamark.com\/palauet\/wp-content\/uploads\/2025\/04\/SERVICIO-1536x1024.jpg 1536w, https:\/\/blamark.com\/palauet\/wp-content\/uploads\/2025\/04\/SERVICIO.jpg 2000w\" sizes=\"auto, (max-width: 1024px) 100vw, 1024px\" \/><\/figure>\n\n\n\n<p><\/p>\n\n\n\n<p class=\"has-theme-palette-3-color has-text-color has-link-color wp-elements-d12e83b639380102c783619eeb10e8a1\">5 suites y 2 habitaciones dobles con encanto y personalidad invitando a quien se aloja a vivir una experiencia plenamente en ambientes, serenos y armoniosos.<\/p>\n\n\n\n<p class=\"has-theme-palette-3-color has-text-color has-link-color wp-elements-77c17a59764bb01252cc93b656379b3c\"><a href=\"https:\/\/elpalauetdelpriorat.com\/siete-sentidos\">Escoge tu favorita<\/a><\/p>\n<\/div>\n<\/div>\n<\/div><\/div>\n","protected":false},"excerpt":{"rendered":"","protected":false},"author":1,"featured_media":0,"parent":0,"menu_order":0,"comment_status":"closed","ping_status":"closed","template":"","meta":{"_kad_post_transparent":"","_kad_post_title":"","_kad_post_layout":"","_kad_post_sidebar_id":"","_kad_post_content_style":"","_kad_post_vertical_padding":"","_kad_post_feature":"","_kad_post_feature_position":"","_kad_post_header":false,"_kad_post_footer":false,"footnotes":""},"class_list":["post-167","page","type-page","status-publish","hentry"],"_links":{"self":[{"href":"https:\/\/blamark.com\/palauet\/wp-json\/wp\/v2\/pages\/167","targetHints":{"allow":["GET"]}}],"collection":[{"href":"https:\/\/blamark.com\/palauet\/wp-json\/wp\/v2\/pages"}],"about":[{"href":"https:\/\/blamark.com\/palauet\/wp-json\/wp\/v2\/types\/page"}],"author":[{"embeddable":true,"href":"https:\/\/blamark.com\/palauet\/wp-json\/wp\/v2\/users\/1"}],"replies":[{"embeddable":true,"href":"https:\/\/blamark.com\/palauet\/wp-json\/wp\/v2\/comments?post=167"}],"version-history":[{"count":21,"href":"https:\/\/blamark.com\/palauet\/wp-json\/wp\/v2\/pages\/167\/revisions"}],"predecessor-version":[{"id":489,"href":"https:\/\/blamark.com\/palauet\/wp-json\/wp\/v2\/pages\/167\/revisions\/489"}],"wp:attachment":[{"href":"https:\/\/blamark.com\/palauet\/wp-json\/wp\/v2\/media?parent=167"}],"curies":[{"name":"wp","href":"https:\/\/api.w.org\/{rel}","templated":true}]}}

<div class="wp-block-cover alignfull arriba" style="min-height:736px;aspect-ratio:unset;"><span aria-hidden="true" class="wp-block-cover__background has-theme-palette-3-background-color has-background-dim-30 has-background-dim"></span><img loading="lazy" decoding="async" width="2500" height="1667" class="wp-block-cover__image-background wp-image-126" alt="" src="https://blamark.com/palauet/wp-content/uploads/2025/04/3-.jpg" data-object-fit="cover" srcset="https://blamark.com/palauet/wp-content/uploads/2025/04/3-.jpg 2500w, https://blamark.com/palauet/wp-content/uploads/2025/04/3--600x400.jpg 600w, https://blamark.com/palauet/wp-content/uploads/2025/04/3--300x200.jpg 300w, https://blamark.com/palauet/wp-content/uploads/2025/04/3--1024x683.jpg 1024w, https://blamark.com/palauet/wp-content/uploads/2025/04/3--768x512.jpg 768w, https://blamark.com/palauet/wp-content/uploads/2025/04/3--1536x1024.jpg 1536w, https://blamark.com/palauet/wp-content/uploads/2025/04/3--2048x1366.jpg 2048w" sizes="auto, (max-width: 2500px) 100vw, 2500px" /><div class="wp-block-cover__inner-container is-layout-constrained wp-block-cover-is-layout-constrained">
<p class="has-text-align-center has-theme-palette-9-color has-text-color has-link-color has-large-font-size wp-elements-5080bb60e40db6962288cb09952938c3">NOSOTROS</p>
</div></div>



<div class="wp-block-buttons botones is-content-justification-center is-layout-flex wp-container-core-buttons-is-layout-1 wp-block-buttons-is-layout-flex">
<div class="wp-block-button has-custom-font-size has-small-font-size"><a class="wp-block-button__link has-theme-palette-3-color has-theme-palette-9-background-color has-text-color has-background has-link-color wp-element-button" href="https://blamark.com/palauet/reservas/">HAZ AHORA TU RESERVA</a></div>



<div class="wp-block-button has-custom-font-size has-small-font-size"><a class="wp-block-button__link wp-element-button" href="https://blamark.com/palauet/reservas/">COMPRUEBA DISPONIBILIDAD</a></div>
</div>



<div class="wp-block-cover alignfull"><span aria-hidden="true" class="wp-block-cover__background has-theme-palette-9-background-color has-background-dim-100 has-background-dim"></span><div class="wp-block-cover__inner-container is-layout-constrained wp-block-cover-is-layout-constrained">
<p></p>



<h2 class="wp-block-heading has-text-align-center has-theme-palette-2-color has-text-color has-link-color has-large-font-size wp-elements-c9a6dca2edf381b62da1dbdb64e353a7">Nuestra historia</h2>



<p class="has-text-align-center has-theme-palette-2-color has-text-color has-link-color has-medium-font-size wp-elements-9bf5e6c2e4d31d748b5ebc741f39f2d5">“El Palauet del Priorat es un oasis para ti, una casa con más de 130 años de esplendor, exclusivos diseños de acabados nobles, maderas con exquisitas vetas y extraordinarios toques contemporáneos son una experiencia totalmente estimulante en una casa asentada sobre un mantel de rocas calizas.”</p>


<div class="wp-block-image">
<figure class="aligncenter size-full is-resized"><img loading="lazy" decoding="async" width="526" height="42" src="https://blamark.com/palauet/wp-content/uploads/2025/04/Captura-de-pantalla-2025-04-10-a-las-15.04.58.png" alt="" class="wp-image-68" style="width:258px;height:auto" srcset="https://blamark.com/palauet/wp-content/uploads/2025/04/Captura-de-pantalla-2025-04-10-a-las-15.04.58.png 526w, https://blamark.com/palauet/wp-content/uploads/2025/04/Captura-de-pantalla-2025-04-10-a-las-15.04.58-300x24.png 300w" sizes="auto, (max-width: 526px) 100vw, 526px" /></figure></div>


<p></p>



<div class="wp-block-columns is-layout-flex wp-container-core-columns-is-layout-1 wp-block-columns-is-layout-flex">
<div class="wp-block-column is-layout-flow wp-block-column-is-layout-flow" style="padding-right:var(--wp--preset--spacing--40);padding-left:var(--wp--preset--spacing--40)">
<h2 class="wp-block-heading has-theme-palette-3-color has-text-color has-link-color wp-elements-a56abd59882e57214b8f69a6559fb6ea">La mejor calidad</h2>



<p class="has-theme-palette-3-color has-text-color has-link-color wp-elements-ee936ea54790eb03953043c3e2aee0d8">El Palauet del Priorat es una mezcla de oasis, rincón de tranquilidad, ocio y turismo rural para ti, en una casa con más de tres siglos de esplendor. Dónde exclusivos diseños de acabados nobles, maderas con exquisitas vetas y extraordinarios toques contemporáneos son una experiencia totalmente estimulante. Paz, confort, comodidades y servicios en armonía perfecta, en definitiva un equilibrio entre lo moderno y lo clásico.</p>
</div>



<div class="wp-block-column is-layout-flow wp-block-column-is-layout-flow" style="padding-right:var(--wp--preset--spacing--40);padding-left:var(--wp--preset--spacing--40)">
<h2 class="wp-block-heading has-theme-palette-3-color has-text-color has-link-color wp-elements-a7169f1e2ecc32fc3dca775b28203279">La mejor elección</h2>



<p class="has-theme-palette-3-color has-text-color has-link-color wp-elements-eb24f1564ef91bce8f2428d894fdac06">7 habitaciones, dos de ellas dobles, cinco suites con baño y 3 zonas se integran para la perfección de tu placer: hall, sala comedor y club social en el ático. En el Palauet del Priorat se han preservado las zonas nobles, se han restaurado las paredes de piedra y suelos de mármol con total confort y calidad, sofás Chester, butacas chals eims y el bienestar de chimeneas de mármol dan vida a tu estancia.</p>



<p class="has-theme-palette-3-color has-text-color has-link-color wp-elements-8e553486ba2f39f2cd27dbe4994b8a11">El Palauet del Priorat actualmente está íntegramente restaurado para crear un sueño de placer y descanso, respetando la arquitectura clásica y bioconstrucción avalada por la Unesco utilizando los materiales y materias primeras ecológicas como se usaban en antaño.</p>
</div>



<div class="wp-block-column is-layout-flow wp-block-column-is-layout-flow" style="padding-right:var(--wp--preset--spacing--40);padding-left:var(--wp--preset--spacing--40)">
<h2 class="wp-block-heading has-theme-palette-3-color has-text-color has-link-color wp-elements-94e444635c77dbaa4118e3f13bc764e4">El secreto de la exclusividad</h2>



<p class="has-theme-palette-3-color has-text-color has-link-color wp-elements-cafa0c694e6d1f2599f20de9a176ef93">Paz, confort y armonía perfecta, el Palauet del Priorat, está situado en Cornudella de Montsant, rodeado de entornos y parajes idílicos en la comarca del Priorat a tan sólo 40 km de Tarragona y 1h30 de Barcelona.</p>
</div>
</div>


<div class="wp-block-image">
<figure class="aligncenter size-full is-resized"><img loading="lazy" decoding="async" width="526" height="42" src="https://blamark.com/palauet/wp-content/uploads/2025/04/Captura-de-pantalla-2025-04-10-a-las-15.04.58.png" alt="" class="wp-image-68" style="width:258px;height:auto" srcset="https://blamark.com/palauet/wp-content/uploads/2025/04/Captura-de-pantalla-2025-04-10-a-las-15.04.58.png 526w, https://blamark.com/palauet/wp-content/uploads/2025/04/Captura-de-pantalla-2025-04-10-a-las-15.04.58-300x24.png 300w" sizes="auto, (max-width: 526px) 100vw, 526px" /></figure></div>


<div class="wp-block-columns is-layout-flex wp-container-core-columns-is-layout-2 wp-block-columns-is-layout-flex">
<div class="wp-block-column is-layout-flow wp-block-column-is-layout-flow" style="padding-right:var(--wp--preset--spacing--40);padding-left:var(--wp--preset--spacing--40)">
<h3 class="wp-block-heading has-theme-palette-3-color has-text-color has-link-color wp-elements-fb6a9e6c7e588cce8eb1c71f01760d27">SALAS NOBLES Y POLIVALENCIA</h3>



<figure class="wp-block-image size-large"><img loading="lazy" decoding="async" width="1024" height="683" src="https://blamark.com/palauet/wp-content/uploads/2025/04/IMG_8292-1024x683.jpg" alt="" class="wp-image-139" srcset="https://blamark.com/palauet/wp-content/uploads/2025/04/IMG_8292-1024x683.jpg 1024w, https://blamark.com/palauet/wp-content/uploads/2025/04/IMG_8292-600x400.jpg 600w, https://blamark.com/palauet/wp-content/uploads/2025/04/IMG_8292-300x200.jpg 300w, https://blamark.com/palauet/wp-content/uploads/2025/04/IMG_8292-768x512.jpg 768w, https://blamark.com/palauet/wp-content/uploads/2025/04/IMG_8292.jpg 1500w" sizes="auto, (max-width: 1024px) 100vw, 1024px" /></figure>



<p class="has-theme-palette-3-color has-text-color has-link-color wp-elements-8e6fc41c0feef57decb7fcfda57343f7">En el Palauet del Priorat disponemos de espacios diseñados para albergar cualquier tipo de evento o celebración particular o profesional garantizando el éxito de los mismos.</p>



<p class="has-theme-palette-3-color has-text-color has-link-color wp-elements-79e0ac98e814cfec1eac42d608ce71e4"><a href="mailto:pepe@elpalauetdelpriorat.com">Más información y reservas.</a></p>
</div>



<div class="wp-block-column is-layout-flow wp-block-column-is-layout-flow" style="padding-right:var(--wp--preset--spacing--40);padding-left:var(--wp--preset--spacing--40)">
<h3 class="wp-block-heading has-theme-palette-3-color has-text-color has-link-color wp-elements-4bdea53be05e92d01963bad1f591f5ce">LAS 7 HABITACIONES</h3>



<figure class="wp-block-image size-large"><img loading="lazy" decoding="async" width="1024" height="682" src="https://blamark.com/palauet/wp-content/uploads/2025/04/SERVICIO-1024x682.jpg" alt="" class="wp-image-137" srcset="https://blamark.com/palauet/wp-content/uploads/2025/04/SERVICIO-1024x682.jpg 1024w, https://blamark.com/palauet/wp-content/uploads/2025/04/SERVICIO-600x400.jpg 600w, https://blamark.com/palauet/wp-content/uploads/2025/04/SERVICIO-300x200.jpg 300w, https://blamark.com/palauet/wp-content/uploads/2025/04/SERVICIO-768x512.jpg 768w, https://blamark.com/palauet/wp-content/uploads/2025/04/SERVICIO-1536x1024.jpg 1536w, https://blamark.com/palauet/wp-content/uploads/2025/04/SERVICIO.jpg 2000w" sizes="auto, (max-width: 1024px) 100vw, 1024px" /></figure>



<p></p>



<p class="has-theme-palette-3-color has-text-color has-link-color wp-elements-d12e83b639380102c783619eeb10e8a1">5 suites y 2 habitaciones dobles con encanto y personalidad invitando a quien se aloja a vivir una experiencia plenamente en ambientes, serenos y armoniosos.</p>



<p class="has-theme-palette-3-color has-text-color has-link-color wp-elements-77c17a59764bb01252cc93b656379b3c"><a href="https://elpalauetdelpriorat.com/siete-sentidos">Escoge tu favorita</a></p>
</div>
</div>
</div></div>
